{"id":212,"date":"2023-05-15T12:30:35","date_gmt":"2023-05-15T15:30:35","guid":{"rendered":"https:\/\/apecbrasilia.com.br\/?page_id=212"},"modified":"2025-11-16T20:24:12","modified_gmt":"2025-11-16T23:24:12","slug":"projetos-especiais","status":"publish","type":"page","link":"https:\/\/apecbrasilia.com.br\/index.php\/projetos-especiais\/","title":{"rendered":"Projetos Especiais"},"content":{"rendered":"\n<h3 class=\"wp-block-heading has-text-align-center\">PROGRAMA\u00c7\u00c3O ESPECIAL DO TIME DE DEUS<\/h3>\n\n\n\n<figure class=\"wp-block-image size-full\"><img loading=\"lazy\" decoding=\"async\" width=\"100\" height=\"30\" src=\"https:\/\/apecbrasilia.com.br\/wp-content\/uploads\/2025\/01\/Divisor-7.jpg\" alt=\"\" class=\"wp-image-1642\"\/><\/figure>\n\n\n\n<p>Em 2025, a Miss\u00e3o APEC, com sua equipe de mission\u00e1rios e obreiros volunt\u00e1rios, continuou trabalhando para alcan\u00e7ar crian\u00e7as em diversos contextos e intensificar o programa <strong>Sou do Time de Deus<\/strong> nas escolas de futebol.<\/p>\n\n\n\n<p>Veja o que aconteceu nos meses de maio, junho, julho e outubro de 2025.<\/p>\n\n\n\n<p>A\u00e7\u00f5es Evangel\u00edsticas no DF.<br>Programa Sou do Time de Deus \u26bd\ufe0f<\/p>\n\n\n\n<p>Maio\/2025<br>APEC Brasilia #igrejabatistacruzeiro<\/p>\n\n\n\n<p>Junho\/2025<br>Feriado no DF<br>Na quadra de esportes na Vila Telebrasilia DF<\/p>\n\n\n\n<p>Julho\/2025<br>Nas f\u00e9rias de julho nos Condom\u00ednios.<\/p>\n\n\n\n<p>No m\u00eas de outubro<br>Programas especiais para as crian\u00e7as nas escolas e Condom\u00ednios.<\/p>\n\n\n\n<p><\/p>\n\n\n\n<figure class=\"wp-block-gallery has-nested-images columns-default is-cropped wp-block-gallery-1 is-layout-flex wp-block-gallery-is-layout-flex\">\n<figure class=\"wp-block-image size-large\"><img loading=\"lazy\" decoding=\"async\" width=\"568\" height=\"568\" data-id=\"1966\" src=\"https:\/\/apecbrasilia.com.br\/wp-content\/uploads\/2025\/07\/photo_2025-07-01_21-01-46.jpg\" alt=\"\" class=\"wp-image-1966\" srcset=\"https:\/\/apecbrasilia.com.br\/wp-content\/uploads\/2025\/07\/photo_2025-07-01_21-01-46.jpg 568w, https:\/\/apecbrasilia.com.br\/wp-content\/uploads\/2025\/07\/photo_2025-07-01_21-01-46-300x300.jpg 300w, https:\/\/apecbrasilia.com.br\/wp-content\/uploads\/2025\/07\/photo_2025-07-01_21-01-46-150x150.jpg 150w\" sizes=\"auto, (max-width: 568px) 100vw, 568px\" \/><\/figure>\n\n\n\n<figure class=\"wp-block-image size-large\"><img loading=\"lazy\" decoding=\"async\" width=\"1024\" height=\"576\" data-id=\"1970\" src=\"https:\/\/apecbrasilia.com.br\/wp-content\/uploads\/2025\/07\/photo_2025-07-01_21-20-36-1024x576.jpg\" alt=\"\" class=\"wp-image-1970\" srcset=\"https:\/\/apecbrasilia.com.br\/wp-content\/uploads\/2025\/07\/photo_2025-07-01_21-20-36-1024x576.jpg 1024w, https:\/\/apecbrasilia.com.br\/wp-content\/uploads\/2025\/07\/photo_2025-07-01_21-20-36-300x169.jpg 300w, https:\/\/apecbrasilia.com.br\/wp-content\/uploads\/2025\/07\/photo_2025-07-01_21-20-36-768x432.jpg 768w, https:\/\/apecbrasilia.com.br\/wp-content\/uploads\/2025\/07\/photo_2025-07-01_21-20-36.jpg 1280w\" sizes=\"auto, (max-width: 1024px) 100vw, 1024px\" \/><\/figure>\n\n\n\n<figure class=\"wp-block-image size-large\"><img loading=\"lazy\" decoding=\"async\" width=\"1024\" height=\"576\" data-id=\"1968\" src=\"https:\/\/apecbrasilia.com.br\/wp-content\/uploads\/2025\/07\/photo_2025-07-01_21-21-01-1024x576.jpg\" alt=\"\" class=\"wp-image-1968\" srcset=\"https:\/\/apecbrasilia.com.br\/wp-content\/uploads\/2025\/07\/photo_2025-07-01_21-21-01-1024x576.jpg 1024w, https:\/\/apecbrasilia.com.br\/wp-content\/uploads\/2025\/07\/photo_2025-07-01_21-21-01-300x169.jpg 300w, https:\/\/apecbrasilia.com.br\/wp-content\/uploads\/2025\/07\/photo_2025-07-01_21-21-01-768x432.jpg 768w, https:\/\/apecbrasilia.com.br\/wp-content\/uploads\/2025\/07\/photo_2025-07-01_21-21-01.jpg 1280w\" sizes=\"auto, (max-width: 1024px) 100vw, 1024px\" \/><\/figure>\n\n\n\n<figure class=\"wp-block-image size-large\"><img loading=\"lazy\" decoding=\"async\" width=\"1024\" height=\"576\" data-id=\"1967\" src=\"https:\/\/apecbrasilia.com.br\/wp-content\/uploads\/2025\/07\/photo_2025-07-01_21-21-27-1024x576.jpg\" alt=\"\" class=\"wp-image-1967\" srcset=\"https:\/\/apecbrasilia.com.br\/wp-content\/uploads\/2025\/07\/photo_2025-07-01_21-21-27-1024x576.jpg 1024w, https:\/\/apecbrasilia.com.br\/wp-content\/uploads\/2025\/07\/photo_2025-07-01_21-21-27-300x169.jpg 300w, https:\/\/apecbrasilia.com.br\/wp-content\/uploads\/2025\/07\/photo_2025-07-01_21-21-27-768x432.jpg 768w, https:\/\/apecbrasilia.com.br\/wp-content\/uploads\/2025\/07\/photo_2025-07-01_21-21-27.jpg 1280w\" sizes=\"auto, (max-width: 1024px) 100vw, 1024px\" \/><\/figure>\n\n\n\n<figure class=\"wp-block-image size-large\"><img loading=\"lazy\" decoding=\"async\" width=\"1024\" height=\"768\" data-id=\"1971\" src=\"https:\/\/apecbrasilia.com.br\/wp-content\/uploads\/2025\/07\/photo_2025-07-01_21-22-36-1024x768.jpg\" alt=\"\" class=\"wp-image-1971\" srcset=\"https:\/\/apecbrasilia.com.br\/wp-content\/uploads\/2025\/07\/photo_2025-07-01_21-22-36-1024x768.jpg 1024w, https:\/\/apecbrasilia.com.br\/wp-content\/uploads\/2025\/07\/photo_2025-07-01_21-22-36-300x225.jpg 300w, https:\/\/apecbrasilia.com.br\/wp-content\/uploads\/2025\/07\/photo_2025-07-01_21-22-36-768x576.jpg 768w, https:\/\/apecbrasilia.com.br\/wp-content\/uploads\/2025\/07\/photo_2025-07-01_21-22-36.jpg 1280w\" sizes=\"auto, (max-width: 1024px) 100vw, 1024px\" \/><\/figure>\n\n\n\n<figure class=\"wp-block-image size-large\"><img loading=\"lazy\" decoding=\"async\" width=\"1024\" height=\"768\" data-id=\"1969\" src=\"https:\/\/apecbrasilia.com.br\/wp-content\/uploads\/2025\/07\/photo_2025-07-02_21-01-42-1024x768.jpg\" alt=\"\" class=\"wp-image-1969\" srcset=\"https:\/\/apecbrasilia.com.br\/wp-content\/uploads\/2025\/07\/photo_2025-07-02_21-01-42-1024x768.jpg 1024w, https:\/\/apecbrasilia.com.br\/wp-content\/uploads\/2025\/07\/photo_2025-07-02_21-01-42-300x225.jpg 300w, https:\/\/apecbrasilia.com.br\/wp-content\/uploads\/2025\/07\/photo_2025-07-02_21-01-42-768x576.jpg 768w, https:\/\/apecbrasilia.com.br\/wp-content\/uploads\/2025\/07\/photo_2025-07-02_21-01-42.jpg 1280w\" sizes=\"auto, (max-width: 1024px) 100vw, 1024px\" \/><\/figure>\n\n\n\n<figure class=\"wp-block-image size-large\"><img loading=\"lazy\" decoding=\"async\" width=\"1024\" height=\"768\" data-id=\"2024\" src=\"https:\/\/apecbrasilia.com.br\/wp-content\/uploads\/2025\/07\/20250705_171403-1024x768.jpg\" alt=\"\" class=\"wp-image-2024\" srcset=\"https:\/\/apecbrasilia.com.br\/wp-content\/uploads\/2025\/07\/20250705_171403-1024x768.jpg 1024w, https:\/\/apecbrasilia.com.br\/wp-content\/uploads\/2025\/07\/20250705_171403-300x225.jpg 300w, https:\/\/apecbrasilia.com.br\/wp-content\/uploads\/2025\/07\/20250705_171403-768x576.jpg 768w, https:\/\/apecbrasilia.com.br\/wp-content\/uploads\/2025\/07\/20250705_171403-1536x1152.jpg 1536w, https:\/\/apecbrasilia.com.br\/wp-content\/uploads\/2025\/07\/20250705_171403-2048x1536.jpg 2048w\" sizes=\"auto, (max-width: 1024px) 100vw, 1024px\" \/><\/figure>\n\n\n\n<figure class=\"wp-block-image size-large\"><img loading=\"lazy\" decoding=\"async\" width=\"1024\" height=\"768\" data-id=\"2020\" src=\"https:\/\/apecbrasilia.com.br\/wp-content\/uploads\/2025\/07\/IMG-20250619-WA0092-1024x768.jpg\" alt=\"\" class=\"wp-image-2020\" srcset=\"https:\/\/apecbrasilia.com.br\/wp-content\/uploads\/2025\/07\/IMG-20250619-WA0092-1024x768.jpg 1024w, https:\/\/apecbrasilia.com.br\/wp-content\/uploads\/2025\/07\/IMG-20250619-WA0092-300x225.jpg 300w, https:\/\/apecbrasilia.com.br\/wp-content\/uploads\/2025\/07\/IMG-20250619-WA0092-768x576.jpg 768w, https:\/\/apecbrasilia.com.br\/wp-content\/uploads\/2025\/07\/IMG-20250619-WA0092-1536x1152.jpg 1536w, https:\/\/apecbrasilia.com.br\/wp-content\/uploads\/2025\/07\/IMG-20250619-WA0092.jpg 1600w\" sizes=\"auto, (max-width: 1024px) 100vw, 1024px\" \/><\/figure>\n\n\n\n<figure class=\"wp-block-image size-large\"><img loading=\"lazy\" decoding=\"async\" width=\"1024\" height=\"768\" data-id=\"2023\" src=\"https:\/\/apecbrasilia.com.br\/wp-content\/uploads\/2025\/07\/IMG-20250619-WA0094-1024x768.jpg\" alt=\"\" class=\"wp-image-2023\" srcset=\"https:\/\/apecbrasilia.com.br\/wp-content\/uploads\/2025\/07\/IMG-20250619-WA0094-1024x768.jpg 1024w, https:\/\/apecbrasilia.com.br\/wp-content\/uploads\/2025\/07\/IMG-20250619-WA0094-300x225.jpg 300w, https:\/\/apecbrasilia.com.br\/wp-content\/uploads\/2025\/07\/IMG-20250619-WA0094-768x576.jpg 768w, https:\/\/apecbrasilia.com.br\/wp-content\/uploads\/2025\/07\/IMG-20250619-WA0094-1536x1152.jpg 1536w, https:\/\/apecbrasilia.com.br\/wp-content\/uploads\/2025\/07\/IMG-20250619-WA0094.jpg 1600w\" sizes=\"auto, (max-width: 1024px) 100vw, 1024px\" \/><\/figure>\n\n\n\n<figure class=\"wp-block-image size-large\"><img loading=\"lazy\" decoding=\"async\" width=\"1024\" height=\"576\" data-id=\"2022\" src=\"https:\/\/apecbrasilia.com.br\/wp-content\/uploads\/2025\/07\/IMG-20250619-WA0138-1024x576.jpg\" alt=\"\" class=\"wp-image-2022\" srcset=\"https:\/\/apecbrasilia.com.br\/wp-content\/uploads\/2025\/07\/IMG-20250619-WA0138-1024x576.jpg 1024w, https:\/\/apecbrasilia.com.br\/wp-content\/uploads\/2025\/07\/IMG-20250619-WA0138-300x169.jpg 300w, https:\/\/apecbrasilia.com.br\/wp-content\/uploads\/2025\/07\/IMG-20250619-WA0138-768x432.jpg 768w, https:\/\/apecbrasilia.com.br\/wp-content\/uploads\/2025\/07\/IMG-20250619-WA0138-1536x864.jpg 1536w, https:\/\/apecbrasilia.com.br\/wp-content\/uploads\/2025\/07\/IMG-20250619-WA0138.jpg 1600w\" sizes=\"auto, (max-width: 1024px) 100vw, 1024px\" \/><\/figure>\n\n\n\n<figure class=\"wp-block-image size-large\"><img loading=\"lazy\" decoding=\"async\" width=\"1024\" height=\"576\" data-id=\"2021\" src=\"https:\/\/apecbrasilia.com.br\/wp-content\/uploads\/2025\/07\/IMG-20250619-WA0140-1024x576.jpg\" alt=\"\" class=\"wp-image-2021\" srcset=\"https:\/\/apecbrasilia.com.br\/wp-content\/uploads\/2025\/07\/IMG-20250619-WA0140-1024x576.jpg 1024w, https:\/\/apecbrasilia.com.br\/wp-content\/uploads\/2025\/07\/IMG-20250619-WA0140-300x169.jpg 300w, https:\/\/apecbrasilia.com.br\/wp-content\/uploads\/2025\/07\/IMG-20250619-WA0140-768x432.jpg 768w, https:\/\/apecbrasilia.com.br\/wp-content\/uploads\/2025\/07\/IMG-20250619-WA0140-1536x864.jpg 1536w, https:\/\/apecbrasilia.com.br\/wp-content\/uploads\/2025\/07\/IMG-20250619-WA0140.jpg 1600w\" sizes=\"auto, (max-width: 1024px) 100vw, 1024px\" \/><\/figure>\n\n\n\n<figure class=\"wp-block-image size-large\"><img loading=\"lazy\" decoding=\"async\" width=\"1024\" height=\"576\" data-id=\"2019\" src=\"https:\/\/apecbrasilia.com.br\/wp-content\/uploads\/2025\/07\/IMG-20250619-WA0143-1024x576.jpg\" alt=\"\" class=\"wp-image-2019\" srcset=\"https:\/\/apecbrasilia.com.br\/wp-content\/uploads\/2025\/07\/IMG-20250619-WA0143-1024x576.jpg 1024w, https:\/\/apecbrasilia.com.br\/wp-content\/uploads\/2025\/07\/IMG-20250619-WA0143-300x169.jpg 300w, https:\/\/apecbrasilia.com.br\/wp-content\/uploads\/2025\/07\/IMG-20250619-WA0143-768x432.jpg 768w, https:\/\/apecbrasilia.com.br\/wp-content\/uploads\/2025\/07\/IMG-20250619-WA0143.jpg 1280w\" sizes=\"auto, (max-width: 1024px) 100vw, 1024px\" \/><\/figure>\n<\/figure>\n\n\n\n<p>Ore, divulgue e venha fazer parte da equipe da APEC Bras\u00edlia-DF. Participe dos treinamentos e integre a equipe de volunt\u00e1rios nos programas evangel\u00edsticos da Miss\u00e3o APEC.<\/p>\n\n\n\n<p>Vamos intensificar a organiza\u00e7\u00e3o de clubes b\u00edblicos para o discipulado das crian\u00e7as alcan\u00e7adas nos programas evangel\u00edsticos &#8211; Clube dos Cinco Dias, Clube Boas Novas e Clube Investigadores da B\u00edblia. Al\u00e9m disso, estamos oferecendo treinamento para as igrejas que v\u00e3o realizar os clubes Boas Novas e Investigadores da B\u00edblia.<\/p>\n\n\n\n<p>Confira, no site <a href=\"http:\/\/www.apecbrasilia.com.br\">www.apecbrasilia.com.br<\/a>, os cursos oficiais para 2025 no Distrito Federal. Vamos juntos alcan\u00e7ar as crian\u00e7as para o Reino de Deus!<\/p>\n\n\n\n<p><em>Disse Jesus: Deixai&nbsp;as crian\u00e7as e n\u00e3o as impe\u00e7ais de virem a&nbsp;mim, porque dos tais \u00e9 o reino dos c\u00e9us. (Mateus 19:14)<\/em><\/p>\n\n\n\n<p><\/p>\n\n\n\n<figure class=\"wp-block-image size-full\"><img loading=\"lazy\" decoding=\"async\" width=\"100\" height=\"30\" src=\"http:\/\/apecbrasilia.com.br\/wp-content\/uploads\/2025\/01\/Divisor-7.jpg\" alt=\"\" class=\"wp-image-1642\"\/><\/figure>\n\n\n\n<p><\/p>\n","protected":false},"excerpt":{"rendered":"<p>PROGRAMA\u00c7\u00c3O ESPECIAL DO TIME DE DEUS Em 2025, a Miss\u00e3o APEC, com sua equipe de mission\u00e1rios e obreiros volunt\u00e1rios, continuou trabalhando para alcan\u00e7ar crian\u00e7as em diversos contextos e intensificar o programa Sou do Time de Deus nas escolas de futebol. Veja o que aconteceu nos meses de maio, junho, julho e outubro de 2025. A\u00e7\u00f5es [&hellip;]<\/p>\n","protected":false},"author":1,"featured_media":0,"parent":0,"menu_order":0,"comment_status":"closed","ping_status":"closed","template":"","meta":{"footnotes":""},"class_list":["post-212","page","type-page","status-publish","hentry"],"aioseo_notices":[],"_links":{"self":[{"href":"https:\/\/apecbrasilia.com.br\/index.php\/wp-json\/wp\/v2\/pages\/212","targetHints":{"allow":["GET"]}}],"collection":[{"href":"https:\/\/apecbrasilia.com.br\/index.php\/wp-json\/wp\/v2\/pages"}],"about":[{"href":"https:\/\/apecbrasilia.com.br\/index.php\/wp-json\/wp\/v2\/types\/page"}],"author":[{"embeddable":true,"href":"https:\/\/apecbrasilia.com.br\/index.php\/wp-json\/wp\/v2\/users\/1"}],"replies":[{"embeddable":true,"href":"https:\/\/apecbrasilia.com.br\/index.php\/wp-json\/wp\/v2\/comments?post=212"}],"version-history":[{"count":25,"href":"https:\/\/apecbrasilia.com.br\/index.php\/wp-json\/wp\/v2\/pages\/212\/revisions"}],"predecessor-version":[{"id":2144,"href":"https:\/\/apecbrasilia.com.br\/index.php\/wp-json\/wp\/v2\/pages\/212\/revisions\/2144"}],"wp:attachment":[{"href":"https:\/\/apecbrasilia.com.br\/index.php\/wp-json\/wp\/v2\/media?parent=212"}],"curies":[{"name":"wp","href":"https:\/\/api.w.org\/{rel}","templated":true}]}}