{"id":185,"date":"2023-05-15T11:42:16","date_gmt":"2023-05-15T14:42:16","guid":{"rendered":"https:\/\/apecbrasilia.com.br\/?page_id=185"},"modified":"2024-12-16T22:32:04","modified_gmt":"2024-12-17T01:32:04","slug":"doando","status":"publish","type":"page","link":"https:\/\/apecbrasilia.com.br\/index.php\/doando\/","title":{"rendered":"Doando"},"content":{"rendered":"\n<p><strong>DOANDO<\/strong><br><\/p>\n\n\n\n<p>SEJA UM AMIGO DA APEC<br>Voc\u00ea pode ajudar o minist\u00e9rio doando recursos financeiros<br><\/p>\n\n\n\n<p>Nunca antes a Igreja Brasileira esteve diante de t\u00e3o grande desafio!<br>E nunca antes esse desafio foi t\u00e3o urgente! Participe!<br>Junte-se a APEC nesta grande obra! H\u00e1 lugar para voc\u00ea na APEC!<\/p>\n\n\n\n<ol class=\"wp-block-list\">\n<li>Seja um Amigo da APEC, orando ou contribuindo. | 2. Seja um Volunt\u00e1rio. | 3. Seja um Promotor A APEC necessita de AMIGOS dispostos a contribuir com regularidade, se poss\u00edvel mensalmente, para:<\/li>\n<\/ol>\n\n\n\n<p>\u2013 O sustento dos obreiros de tempo integral. Cada mission\u00e1rio da APEC precisa formar sua equipe de sustentadores.<\/p>\n\n\n\n<p>\u2013 Se poss\u00edvel adote um deles.- A realiza\u00e7\u00e3o dos projetos mission\u00e1rios.<\/p>\n\n\n\n<p>\u2013 A manuten\u00e7\u00e3o de programas e minist\u00e9rios.<\/p>\n\n\n\n<p>\u2013 A manuten\u00e7\u00e3o dos escrit\u00f3rios.<\/p>\n\n\n\n<p>\u2013 A abertura de novos campos. A APEC \u00e9 uma miss\u00e3o mantida pela f\u00e9, por ofertas volunt\u00e1rias de homens e mulheres fi\u00e9is, que amam ao Senhor e O servem com alegria.<\/p>\n\n\n\n<p><strong>Ajude a APEC a alcan\u00e7ar as crian\u00e7as.<\/strong><\/p>\n\n\n\n<p>Envie sua oferta de amor. Voc\u00ea pode investir com o valor que desejar. Ore ao Senhor, em primeiro lugar, Ele orientar\u00e1 a sua decis\u00e3o quanto valor e ao destino da oferta.<\/p>\n\n\n\n<p><\/p>\n\n\n\n<p><strong>Colabore com o Minist\u00e9rio da APEC<br><\/strong><\/p>\n\n\n\n<p>Apec Bras\u00edlia<br>Alian\u00e7a Pr\u00f3-Evangeliza\u00e7\u00e3o das Crian\u00e7as<\/p>\n\n\n\n<p><strong>Banco Bradesco<\/strong> &#8211; <strong>Ag\u00eancia: 1228.9<\/strong> &#8211; <strong>Conta Corrente: 86.296-7<\/strong><\/p>\n\n\n\n<p><strong>Pagamento Pix <\/strong>apecbrasilia@gmail.com<br>Enviar c\u00f3pia para a APEC\u00a0\u00a098117-1219<\/p>\n\n\n\n<p>Viviane Alencar<br>Mission\u00e1ria da APEC Bras\u00edlia<br><strong>Banco Bradesco<\/strong> &#8211; <strong>Ag\u00eancia: 0484-7<\/strong> &#8211; <strong>Conta Poupan\u00e7a: 1006720-0<\/strong><\/p>\n\n\n\n<p>Viviane Alencar<br>Mission\u00e1ria da APEC Bras\u00edlia<strong><br>Banco Ita\u00fa &#8211; Ag\u00eancia: 3213 &#8211; Conta Corrente: 22326-0<\/strong><\/p>\n","protected":false},"excerpt":{"rendered":"<p>DOANDO SEJA UM AMIGO DA APECVoc\u00ea pode ajudar o minist\u00e9rio doando recursos financeiros Nunca antes a Igreja Brasileira esteve diante de t\u00e3o grande desafio!E nunca antes esse desafio foi t\u00e3o urgente! Participe!Junte-se a APEC nesta grande obra! H\u00e1 lugar para voc\u00ea na APEC! \u2013 O sustento dos obreiros de tempo integral. Cada mission\u00e1rio da APEC [&hellip;]<\/p>\n","protected":false},"author":1,"featured_media":0,"parent":0,"menu_order":0,"comment_status":"closed","ping_status":"closed","template":"","meta":{"footnotes":""},"class_list":["post-185","page","type-page","status-publish","hentry"],"aioseo_notices":[],"_links":{"self":[{"href":"https:\/\/apecbrasilia.com.br\/index.php\/wp-json\/wp\/v2\/pages\/185","targetHints":{"allow":["GET"]}}],"collection":[{"href":"https:\/\/apecbrasilia.com.br\/index.php\/wp-json\/wp\/v2\/pages"}],"about":[{"href":"https:\/\/apecbrasilia.com.br\/index.php\/wp-json\/wp\/v2\/types\/page"}],"author":[{"embeddable":true,"href":"https:\/\/apecbrasilia.com.br\/index.php\/wp-json\/wp\/v2\/users\/1"}],"replies":[{"embeddable":true,"href":"https:\/\/apecbrasilia.com.br\/index.php\/wp-json\/wp\/v2\/comments?post=185"}],"version-history":[{"count":3,"href":"https:\/\/apecbrasilia.com.br\/index.php\/wp-json\/wp\/v2\/pages\/185\/revisions"}],"predecessor-version":[{"id":1580,"href":"https:\/\/apecbrasilia.com.br\/index.php\/wp-json\/wp\/v2\/pages\/185\/revisions\/1580"}],"wp:attachment":[{"href":"https:\/\/apecbrasilia.com.br\/index.php\/wp-json\/wp\/v2\/media?parent=185"}],"curies":[{"name":"wp","href":"https:\/\/api.w.org\/{rel}","templated":true}]}}