{"id":178,"date":"2023-05-15T11:26:42","date_gmt":"2023-05-15T14:26:42","guid":{"rendered":"https:\/\/apecbrasilia.com.br\/?page_id=178"},"modified":"2025-01-09T22:13:07","modified_gmt":"2025-01-10T01:13:07","slug":"contato","status":"publish","type":"page","link":"https:\/\/apecbrasilia.com.br\/index.php\/contato\/","title":{"rendered":"Contato"},"content":{"rendered":"\n<p><strong>SDS &#8211; Setor de Divers\u00f5es Sul \u2013 Edif\u00edcio Eldorado <\/strong><\/p>\n\n\n\n<p>Lote 5-E &#8211; Bloco D \u2013 Salas 401\/403 \u2013 CONIC \u2013 Bras\u00edlia\/DF<br><strong>55 (61) 3226-5485<\/strong><\/p>\n\n\n\n<p><strong><a href=\"https:\/\/goo.gl\/maps\/RRuWGFm5x6c26Xo88\" target=\"_blank\" rel=\"noopener\" title=\"\">LOCALIZA\u00c7\u00c3O<\/a><\/strong><br><\/p>\n\n\n\n<p>apecbrasilia@gmail.com<br>vivianelopesdealencar@gmail.com<br>contato@apecbrasilia.com.br<\/p>\n\n\n\n<figure class=\"wp-block-image size-full\"><img loading=\"lazy\" decoding=\"async\" width=\"100\" height=\"30\" src=\"https:\/\/apecbrasilia.com.br\/wp-content\/uploads\/2025\/01\/Divisor-22.jpg\" alt=\"\" class=\"wp-image-1668\"\/><\/figure>\n\n\n\n<p><strong>Funcionamento<\/strong><br>Estamos de f\u00e9rias dos cursos e estamos atendendo no per\u00edodo vespertino de segunda-feira a sexta-feira\u00a0das\u00a014h\u00a0\u00e0s\u00a018h.<\/p>\n\n\n\n<div class=\"wp-block-buttons is-layout-flex wp-block-buttons-is-layout-flex\">\n<div class=\"wp-block-button\"><a class=\"wp-block-button__link wp-element-button\" href=\"https:\/\/api.whatsapp.com\/send?phone=5561981171219&amp;text=Ol\u00e1%20de%20Mission\u00e1ria%20Viviane,%20gostaria%20de%20a%20saber%20mais%20sobre%20a%20APEC.\" target=\"_blank\" rel=\"noreferrer noopener\">Fale com a Mission\u00e1ria<\/a><\/div>\n<\/div>\n","protected":false},"excerpt":{"rendered":"<p>SDS &#8211; Setor de Divers\u00f5es Sul \u2013 Edif\u00edcio Eldorado Lote 5-E &#8211; Bloco D \u2013 Salas 401\/403 \u2013 CONIC \u2013 Bras\u00edlia\/DF55 (61) 3226-5485 LOCALIZA\u00c7\u00c3O apecbrasilia@gmail.comvivianelopesdealencar@gmail.comcontato@apecbrasilia.com.br FuncionamentoEstamos de f\u00e9rias dos cursos e estamos atendendo no per\u00edodo vespertino de segunda-feira a sexta-feira\u00a0das\u00a014h\u00a0\u00e0s\u00a018h.<\/p>\n","protected":false},"author":1,"featured_media":0,"parent":0,"menu_order":0,"comment_status":"closed","ping_status":"closed","template":"","meta":{"footnotes":""},"class_list":["post-178","page","type-page","status-publish","hentry"],"aioseo_notices":[],"_links":{"self":[{"href":"https:\/\/apecbrasilia.com.br\/index.php\/wp-json\/wp\/v2\/pages\/178","targetHints":{"allow":["GET"]}}],"collection":[{"href":"https:\/\/apecbrasilia.com.br\/index.php\/wp-json\/wp\/v2\/pages"}],"about":[{"href":"https:\/\/apecbrasilia.com.br\/index.php\/wp-json\/wp\/v2\/types\/page"}],"author":[{"embeddable":true,"href":"https:\/\/apecbrasilia.com.br\/index.php\/wp-json\/wp\/v2\/users\/1"}],"replies":[{"embeddable":true,"href":"https:\/\/apecbrasilia.com.br\/index.php\/wp-json\/wp\/v2\/comments?post=178"}],"version-history":[{"count":10,"href":"https:\/\/apecbrasilia.com.br\/index.php\/wp-json\/wp\/v2\/pages\/178\/revisions"}],"predecessor-version":[{"id":1670,"href":"https:\/\/apecbrasilia.com.br\/index.php\/wp-json\/wp\/v2\/pages\/178\/revisions\/1670"}],"wp:attachment":[{"href":"https:\/\/apecbrasilia.com.br\/index.php\/wp-json\/wp\/v2\/media?parent=178"}],"curies":[{"name":"wp","href":"https:\/\/api.w.org\/{rel}","templated":true}]}}