{"id":116,"date":"2023-05-12T12:09:55","date_gmt":"2023-05-12T15:09:55","guid":{"rendered":"https:\/\/apecbrasilia.com.br\/?page_id=116"},"modified":"2025-11-16T20:36:56","modified_gmt":"2025-11-16T23:36:56","slug":"palestra","status":"publish","type":"page","link":"https:\/\/apecbrasilia.com.br\/index.php\/palestra\/","title":{"rendered":"Palestra"},"content":{"rendered":"\n<h3 class=\"wp-block-heading\"><strong>PALESTRAS E SEMIN\u00c1RIOS<\/strong><\/h3>\n\n\n\n<figure class=\"wp-block-image size-full\"><img loading=\"lazy\" decoding=\"async\" width=\"100\" height=\"30\" src=\"https:\/\/apecbrasilia.com.br\/wp-content\/uploads\/2025\/01\/Divisor-8.jpg\" alt=\"\" class=\"wp-image-1647\"\/><\/figure>\n\n\n\n<p><strong>Palestra para Pais e L\u00edderes de Crian\u00e7as<\/strong><\/p>\n\n\n\n<p>Estamos fazendo agenda de palestras para as igrejas. Os mission\u00e1rios Viviane e Edson Alencar, est\u00e3o recebendo convites das igrejas, para o calend\u00e1rio de Palestras de 2026.<\/p>\n\n\n\n<p><strong>Palestra<\/strong><br>Dia:<br>Domingo pela manh\u00e3 EBD.<br>Para os Pais e Professores<br>Mais informa\u00e7\u00f5es pelo WhatsApp (61 98117-1219<br>Mission\u00e1rios Edson e Viviane Alencar.<\/p>\n\n\n\n<p>Fale com a Mission\u00e1ria Viviane Alencar no WhatsApp (61) 98117-1219 ou no Instagram<br>da <a href=\"https:\/\/www.instagram.com\/vivi_lopes123\/\" target=\"_blank\" rel=\"noopener\" title=\"\">Mission\u00e1ria Viviane Lopes<\/a><\/p>\n\n\n\n<figure class=\"wp-block-image size-full\"><img loading=\"lazy\" decoding=\"async\" width=\"100\" height=\"30\" src=\"https:\/\/apecbrasilia.com.br\/wp-content\/uploads\/2025\/01\/Divisor-9.jpg\" alt=\"\" class=\"wp-image-1648\"\/><\/figure>\n\n\n\n<figure class=\"wp-block-image size-large\"><a href=\"https:\/\/api.whatsapp.com\/send?phone=5561981171219&amp;text=Gostaria%20de%20Agendar%20uma%20Palestra%20com%20a%20Mission%C3%A1ria%20Viviane.\"><img loading=\"lazy\" decoding=\"async\" width=\"1024\" height=\"1024\" src=\"https:\/\/apecbrasilia.com.br\/wp-content\/uploads\/2024\/01\/photo_2023-06-06_15-02-02-1024x1024.jpg\" alt=\"\" class=\"wp-image-1098\" srcset=\"https:\/\/apecbrasilia.com.br\/wp-content\/uploads\/2024\/01\/photo_2023-06-06_15-02-02-1024x1024.jpg 1024w, https:\/\/apecbrasilia.com.br\/wp-content\/uploads\/2024\/01\/photo_2023-06-06_15-02-02-300x300.jpg 300w, https:\/\/apecbrasilia.com.br\/wp-content\/uploads\/2024\/01\/photo_2023-06-06_15-02-02-150x150.jpg 150w, https:\/\/apecbrasilia.com.br\/wp-content\/uploads\/2024\/01\/photo_2023-06-06_15-02-02-768x768.jpg 768w, https:\/\/apecbrasilia.com.br\/wp-content\/uploads\/2024\/01\/photo_2023-06-06_15-02-02.jpg 1280w\" sizes=\"auto, (max-width: 1024px) 100vw, 1024px\" \/><\/a><\/figure>\n\n\n\n<figure class=\"wp-block-image size-full\"><img loading=\"lazy\" decoding=\"async\" width=\"100\" height=\"30\" src=\"https:\/\/apecbrasilia.com.br\/wp-content\/uploads\/2025\/01\/Divisor-10.jpg\" alt=\"\" class=\"wp-image-1649\"\/><\/figure>\n\n\n\n<p><strong>Agende a sua com a Mission\u00e1ria Viviane.<\/strong><\/p>\n\n\n\n<p><strong><a href=\"https:\/\/api.whatsapp.com\/send?phone=5561981171219&amp;text=Gostaria%20de%20Agendar%20uma%20Palestra%20com%20a%20Mission%C3%A1ria%20Viviane.\" target=\"_blank\" rel=\"noopener\" title=\"\">Agendar Palestra<\/a><\/strong><\/p>\n","protected":false},"excerpt":{"rendered":"<p>PALESTRAS E SEMIN\u00c1RIOS Palestra para Pais e L\u00edderes de Crian\u00e7as Estamos fazendo agenda de palestras para as igrejas. Os mission\u00e1rios Viviane e Edson Alencar, est\u00e3o recebendo convites das igrejas, para o calend\u00e1rio de Palestras de 2026. PalestraDia:Domingo pela manh\u00e3 EBD.Para os Pais e ProfessoresMais informa\u00e7\u00f5es pelo WhatsApp (61 98117-1219Mission\u00e1rios Edson e Viviane Alencar. Fale com [&hellip;]<\/p>\n","protected":false},"author":1,"featured_media":0,"parent":0,"menu_order":0,"comment_status":"closed","ping_status":"closed","template":"","meta":{"footnotes":""},"class_list":["post-116","page","type-page","status-publish","hentry"],"aioseo_notices":[],"_links":{"self":[{"href":"https:\/\/apecbrasilia.com.br\/index.php\/wp-json\/wp\/v2\/pages\/116","targetHints":{"allow":["GET"]}}],"collection":[{"href":"https:\/\/apecbrasilia.com.br\/index.php\/wp-json\/wp\/v2\/pages"}],"about":[{"href":"https:\/\/apecbrasilia.com.br\/index.php\/wp-json\/wp\/v2\/types\/page"}],"author":[{"embeddable":true,"href":"https:\/\/apecbrasilia.com.br\/index.php\/wp-json\/wp\/v2\/users\/1"}],"replies":[{"embeddable":true,"href":"https:\/\/apecbrasilia.com.br\/index.php\/wp-json\/wp\/v2\/comments?post=116"}],"version-history":[{"count":19,"href":"https:\/\/apecbrasilia.com.br\/index.php\/wp-json\/wp\/v2\/pages\/116\/revisions"}],"predecessor-version":[{"id":2146,"href":"https:\/\/apecbrasilia.com.br\/index.php\/wp-json\/wp\/v2\/pages\/116\/revisions\/2146"}],"wp:attachment":[{"href":"https:\/\/apecbrasilia.com.br\/index.php\/wp-json\/wp\/v2\/media?parent=116"}],"curies":[{"name":"wp","href":"https:\/\/api.w.org\/{rel}","templated":true}]}}