{"id":106,"date":"2023-05-12T12:06:00","date_gmt":"2023-05-12T15:06:00","guid":{"rendered":"https:\/\/apecbrasilia.com.br\/?page_id=106"},"modified":"2026-03-01T12:28:25","modified_gmt":"2026-03-01T15:28:25","slug":"cedic","status":"publish","type":"page","link":"https:\/\/apecbrasilia.com.br\/index.php\/cedic\/","title":{"rendered":"CEDIC AVAN\u00c7ADO 2026"},"content":{"rendered":"\n<h3 class=\"wp-block-heading\">CEDIC- <strong>CURSO DE EVANGELISMO E DISCIPULADO DE CRIAN\u00c7AS<\/strong><\/h3>\n\n\n\n<h2 class=\"wp-block-heading\">Matr\u00edculas abertas para 2026<\/h2>\n\n\n\n<figure class=\"wp-block-image size-full\"><img loading=\"lazy\" decoding=\"async\" width=\"100\" height=\"30\" src=\"https:\/\/apecbrasilia.com.br\/wp-content\/uploads\/2025\/01\/Divisor-6.jpg\" alt=\"\" class=\"wp-image-1637\"\/><\/figure>\n\n\n\n<p>Um Curso que visa a excel\u00eancia no ensino da Palavra de Deus \u00e0s crian\u00e7as.<\/p>\n\n\n\n<figure class=\"wp-block-image size-large\"><img loading=\"lazy\" decoding=\"async\" width=\"1024\" height=\"1024\" src=\"https:\/\/apecbrasilia.com.br\/wp-content\/uploads\/2026\/03\/photo_2026-03-01_12-27-31-1024x1024.jpg\" alt=\"\" class=\"wp-image-2287\" srcset=\"https:\/\/apecbrasilia.com.br\/wp-content\/uploads\/2026\/03\/photo_2026-03-01_12-27-31-1024x1024.jpg 1024w, https:\/\/apecbrasilia.com.br\/wp-content\/uploads\/2026\/03\/photo_2026-03-01_12-27-31-300x300.jpg 300w, https:\/\/apecbrasilia.com.br\/wp-content\/uploads\/2026\/03\/photo_2026-03-01_12-27-31-150x150.jpg 150w, https:\/\/apecbrasilia.com.br\/wp-content\/uploads\/2026\/03\/photo_2026-03-01_12-27-31-768x768.jpg 768w, https:\/\/apecbrasilia.com.br\/wp-content\/uploads\/2026\/03\/photo_2026-03-01_12-27-31.jpg 1280w\" sizes=\"auto, (max-width: 1024px) 100vw, 1024px\" \/><\/figure>\n\n\n\n<p>Um curso avan\u00e7ado e completo para a realiza\u00e7\u00e3o de um minist\u00e9rio eficaz de pastoreio de crian\u00e7as.<\/p>\n\n\n\n<p><strong>INFORMA\u00c7\u00d5ES GERAIS<\/strong><br><\/p>\n\n\n\n<p>Dura\u00e7\u00e3o do curso:<br>\u2013 Mar\u00e7o a Novembro<br>Dias de aulas:<br>\u2013 Todas as ter\u00e7as e quintas-feiras<br>Hor\u00e1rio:<br>\u2013 14h \u00e0s 16h30 ou 19h \u00e0s 21h30<br>In\u00edcio das aulas:<br>\u2013 10 de mar\u00e7o de 2025<br>Investimento:<br>\u2013 Matr\u00edcula (R$ 200,00)<br>\u2013 Mensalidades (R$ 200,00)<br>Mais informa\u00e7\u00f5es (61) 3226-5485<br>WhatsApp (61) 98117-1219<\/p>\n\n\n\n<h2 class=\"wp-block-heading\"><br><strong>AS CRIAN\u00c7AS PRECISAM DE PASTOREIO E N\u00c3O DE ENTRETENIMENTO.<\/strong><\/h2>\n\n\n\n<p><br>O Pastoreio de Crian\u00e7as com excel\u00eancia envolve entre outras coisas:<br>. Buscar crian\u00e7as perdidas, conduzindo-as \u00e0 salva\u00e7\u00e3o em Cristo.<br>. Estar preparado para evangelizar e discipular as crian\u00e7as com a Palavra de Deus.<br>Preparar crian\u00e7as para o servi\u00e7o do Senhor.<\/p>\n\n\n\n<h2 class=\"wp-block-heading\"><br><strong>VENHA PARA O C.E.D.I.C. E ENTRE NO TIME DA APEC!<\/strong><\/h2>\n\n\n\n<p><strong>O QUE FAZ:<\/strong><br>Prepara professores pastores para com excel\u00eancia:<br>\u2022 Buscar crian\u00e7as perdidas, conduzindo-as \u00e0 salva\u00e7\u00e3o em Cristo.<br>\u2022 Discipular as crian\u00e7as com a Palavra de Deus.<br>\u2022 Preparar crian\u00e7as para o servi\u00e7o do Senhor.<\/p>\n\n\n\n<p><strong>DURA\u00c7\u00c3O DO CURSO:<\/strong><strong><br><\/strong>Duas vezes por semana, durante o ano letivo (mar\u00e7o\/junho e agosto\/novembro)<\/p>\n\n\n\n<p><strong>REQUISITOS PARA MATR\u00cdCULA:<\/strong><br>\u2022 Ser nascido de novo e membro em plena comunh\u00e3o com uma igreja evang\u00e9lica.<br>\u2022 Concordar com a declara\u00e7\u00e3o de f\u00e9 da APEC.<br>\u2022 Apresentar carta de recomenda\u00e7\u00e3o da igreja.<br>\u2022 Apresentar certificado de conclus\u00e3o do Ensino M\u00e9dio.<br>\u2022 Apresentar 2 fotos 3\u00d74.<\/p>\n\n\n\n<p><strong>REQUISITOS PARA A FORMATURA:<\/strong><br>\u2022 Obter nota m\u00ednima de 7,0 em cada mat\u00e9ria.<br>\u2022 Realizar as seguintes pr\u00e1ticas:<br>&gt;Usar o LSP e evangelizar pessoalmente 5 (cinco) crian\u00e7as<br>&gt;Realizar um Clube de Cinco Dias no m\u00eas de julho.<br>&gt;Realizar um Clube de Boas Novas.<br>&gt;Fazer 5 (cinco) demonstra\u00e7\u00f5es em classe.<br>\u2022Entregar relat\u00f3rio das Atividades realizadas com crian\u00e7as durante o per\u00edodo do Curso.<br>\u2022 Estar em dia com os compromissos financeiros do Curso.<br>\u2022 Assiduidade: O aluno s\u00f3 poder\u00e1 ter 20% de faltas no total. O aluno que tiver mais faltas n\u00e3o justificadas n\u00e3o receber\u00e1 o diploma.<\/p>\n\n\n\n<p><br><br><br>Pagamento Pix Apecbrasilia@gmail.com<br>Enviar c\u00f3pia para a APEC&nbsp;&nbsp;(61) 98117-1219<\/p>\n\n\n\n<div class=\"wp-block-buttons is-layout-flex wp-block-buttons-is-layout-flex\">\n<div class=\"wp-block-button\"><a class=\"wp-block-button__link wp-element-button\" href=\"https:\/\/forms.gle\/JeTLeY3efgqpsTBa7\" target=\"_blank\" rel=\"noreferrer noopener\">Inscri\u00e7\u00e3o CEDIC<\/a><\/div>\n<\/div>\n","protected":false},"excerpt":{"rendered":"<p>CEDIC- CURSO DE EVANGELISMO E DISCIPULADO DE CRIAN\u00c7AS Matr\u00edculas abertas para 2026 Um Curso que visa a excel\u00eancia no ensino da Palavra de Deus \u00e0s crian\u00e7as. Um curso avan\u00e7ado e completo para a realiza\u00e7\u00e3o de um minist\u00e9rio eficaz de pastoreio de crian\u00e7as. INFORMA\u00c7\u00d5ES GERAIS Dura\u00e7\u00e3o do curso:\u2013 Mar\u00e7o a NovembroDias de aulas:\u2013 Todas as ter\u00e7as [&hellip;]<\/p>\n","protected":false},"author":1,"featured_media":0,"parent":0,"menu_order":0,"comment_status":"closed","ping_status":"closed","template":"","meta":{"footnotes":""},"class_list":["post-106","page","type-page","status-publish","hentry"],"aioseo_notices":[],"_links":{"self":[{"href":"https:\/\/apecbrasilia.com.br\/index.php\/wp-json\/wp\/v2\/pages\/106","targetHints":{"allow":["GET"]}}],"collection":[{"href":"https:\/\/apecbrasilia.com.br\/index.php\/wp-json\/wp\/v2\/pages"}],"about":[{"href":"https:\/\/apecbrasilia.com.br\/index.php\/wp-json\/wp\/v2\/types\/page"}],"author":[{"embeddable":true,"href":"https:\/\/apecbrasilia.com.br\/index.php\/wp-json\/wp\/v2\/users\/1"}],"replies":[{"embeddable":true,"href":"https:\/\/apecbrasilia.com.br\/index.php\/wp-json\/wp\/v2\/comments?post=106"}],"version-history":[{"count":38,"href":"https:\/\/apecbrasilia.com.br\/index.php\/wp-json\/wp\/v2\/pages\/106\/revisions"}],"predecessor-version":[{"id":2288,"href":"https:\/\/apecbrasilia.com.br\/index.php\/wp-json\/wp\/v2\/pages\/106\/revisions\/2288"}],"wp:attachment":[{"href":"https:\/\/apecbrasilia.com.br\/index.php\/wp-json\/wp\/v2\/media?parent=106"}],"curies":[{"name":"wp","href":"https:\/\/api.w.org\/{rel}","templated":true}]}}