{"id":100,"date":"2023-05-12T11:10:33","date_gmt":"2023-05-12T14:10:33","guid":{"rendered":"https:\/\/apecbrasilia.com.br\/?page_id=100"},"modified":"2023-06-27T22:50:55","modified_gmt":"2023-06-28T01:50:55","slug":"livro","status":"publish","type":"page","link":"https:\/\/apecbrasilia.com.br\/index.php\/livro\/","title":{"rendered":"Livro"},"content":{"rendered":"\n<figure class=\"wp-block-image size-large\"><a href=\"https:\/\/www.amazon.com.br\/dp\/B08YTL586Q\/ref=mp_s_a_1_1?dchild=1&amp;keywords=viviane+alencar&amp;qid=1615664845&amp;sr=8-1\"><img loading=\"lazy\" decoding=\"async\" width=\"1024\" height=\"979\" src=\"https:\/\/apecbrasilia.com.br\/wp-content\/uploads\/2023\/06\/PubliLivros-2-1024x979.jpg\" alt=\"\" class=\"wp-image-669\" srcset=\"https:\/\/apecbrasilia.com.br\/wp-content\/uploads\/2023\/06\/PubliLivros-2-1024x979.jpg 1024w, https:\/\/apecbrasilia.com.br\/wp-content\/uploads\/2023\/06\/PubliLivros-2-300x287.jpg 300w, https:\/\/apecbrasilia.com.br\/wp-content\/uploads\/2023\/06\/PubliLivros-2-768x735.jpg 768w, https:\/\/apecbrasilia.com.br\/wp-content\/uploads\/2023\/06\/PubliLivros-2.jpg 1080w\" sizes=\"auto, (max-width: 1024px) 100vw, 1024px\" \/><\/a><\/figure>\n\n\n\n<figure class=\"wp-block-image size-full\"><img decoding=\"async\" src=\"http:\/\/apecbrasilia.com.br\/wp-content\/uploads\/2023\/06\/Divisor-5.jpg\" alt=\"\" class=\"wp-image-459\"\/><\/figure>\n\n\n\n<div class=\"wp-block-buttons is-layout-flex wp-block-buttons-is-layout-flex\">\n<div class=\"wp-block-button\"><a class=\"wp-block-button__link wp-element-button\" href=\"https:\/\/www.amazon.com.br\/dp\/B08YTL586Q\/ref=mp_s_a_1_1?dchild=1&amp;keywords=viviane+alencar&amp;qid=1615664845&amp;sr=8-1\" target=\"_blank\" rel=\"noreferrer noopener\">Compre Agora<\/a><\/div>\n<\/div>\n\n\n\n<p><strong>APEC Bras\u00edlia<br>Alian\u00e7a Pr\u00f3-Evangeliza\u00e7\u00e3o das Crian\u00e7as<\/strong><\/p>\n\n\n\n<p>Banco Bradesco &#8211; Ag\u00eancia: 1228.9 &#8211; Conta Corrente: 86.296-7<\/p>\n\n\n\n<figure class=\"wp-block-image size-full\"><img decoding=\"async\" src=\"http:\/\/apecbrasilia.com.br\/wp-content\/uploads\/2023\/06\/Divisor-1.jpg\" alt=\"\" class=\"wp-image-452\"\/><\/figure>\n\n\n\n<p><strong>PIX<\/strong> <strong>APEC Bras\u00edlia<br><\/strong>APECBRASILIA@GMAIL.COM<\/p>\n\n\n\n<p><br><\/p>\n","protected":false},"excerpt":{"rendered":"<p>APEC Bras\u00edliaAlian\u00e7a Pr\u00f3-Evangeliza\u00e7\u00e3o das Crian\u00e7as Banco Bradesco &#8211; Ag\u00eancia: 1228.9 &#8211; Conta Corrente: 86.296-7 PIX APEC Bras\u00edliaAPECBRASILIA@GMAIL.COM<\/p>\n","protected":false},"author":1,"featured_media":0,"parent":0,"menu_order":0,"comment_status":"closed","ping_status":"closed","template":"","meta":{"footnotes":""},"class_list":["post-100","page","type-page","status-publish","hentry"],"aioseo_notices":[],"_links":{"self":[{"href":"https:\/\/apecbrasilia.com.br\/index.php\/wp-json\/wp\/v2\/pages\/100","targetHints":{"allow":["GET"]}}],"collection":[{"href":"https:\/\/apecbrasilia.com.br\/index.php\/wp-json\/wp\/v2\/pages"}],"about":[{"href":"https:\/\/apecbrasilia.com.br\/index.php\/wp-json\/wp\/v2\/types\/page"}],"author":[{"embeddable":true,"href":"https:\/\/apecbrasilia.com.br\/index.php\/wp-json\/wp\/v2\/users\/1"}],"replies":[{"embeddable":true,"href":"https:\/\/apecbrasilia.com.br\/index.php\/wp-json\/wp\/v2\/comments?post=100"}],"version-history":[{"count":9,"href":"https:\/\/apecbrasilia.com.br\/index.php\/wp-json\/wp\/v2\/pages\/100\/revisions"}],"predecessor-version":[{"id":716,"href":"https:\/\/apecbrasilia.com.br\/index.php\/wp-json\/wp\/v2\/pages\/100\/revisions\/716"}],"wp:attachment":[{"href":"https:\/\/apecbrasilia.com.br\/index.php\/wp-json\/wp\/v2\/media?parent=100"}],"curies":[{"name":"wp","href":"https:\/\/api.w.org\/{rel}","templated":true}]}}